se 87*p - 118*p = -124. Let n(k) be the second derivative of -1/12*k**p + k**2 + 1/6*k**3 - 1/20*k**5 - 6*k + 0. Give n(-2).
4
Let m(x) = x**2 - x - 3. Let y(n) = n**2 - n. Let k(q) = -q**3 - q**2 + 1. Let o(d) = -k(d) - 5*y(d). Let t be o(3). Suppose -p = -t*p. Give m(p).
-3
Let q(t) = -t**3 - 8*t**2 - 8*t + 4. Suppose 4*h - 4*n + 280 = 0, -4*h - 141 - 135 = -3*n. Let b = 60 + h. What is q(b)?
-20
Suppose -24*q = -18*q - 18. Let y(d) = -4*d + 4. What is y(q)?
-8
Let c(y) = -y**2. Let l(v) = -v - 28. Let z be l(-22). Let w(r) = 2 + 1 - r - 2. Let d(s) = z*w(s) - c(s). Give d(-6).
-6
Let l(a) = -36*a - 33*a + 105*a - 33*a. Calculate l(4).
12
Let c(u) = u**3 - 13*u**2 - 14*u + 3. Let t(k) = -k**3 + 13*k**2 + 13*k - 1. Let y(b) = -3*c(b) - 2*t(b). Give y(14).
21
Let v(l) = 4 + 0*l**2 - 20*l + 19*l - l**2. Let g be (-2)/7 - (-10)/35. Give v(g).
4
Let c(o) = -9*o - 33*o - 2*o. Determine c(-1).
44
Let s(c) = c**2 - 2*c - 4. Suppose -3*y - r + 64 = y, -16 = -y + 3*r. Let k = -20 + y. Determine s(k).
20
Let j(t) = 14*t**2 - 15*t - 1. Let c(d) = 5*d**2 - 7*d. Let l(y) = 5*c(y) - 2*j(y). Determine l(-5).
-48
Let r(b) = 4*b**3 - b**2 + 5. Let j(u) = 5*u**3 - 2*u**2 + 6. Let n(y) = -5*j(y) + 6*r(y). Give n(4).
0
Let d(o) be the first derivative of 5*o**2/2 + o - 53. What is d(-3)?
-14
Let b(v) be the second derivative of -v**3/6 - 9*v**2/2 + 43*v. What is b(-9)?
0
Let m(k) = -k**3 + 2*k**2 + 4. Let z(h) = -h**3 - 12*h**2 - 2*h - 21. Let s be z(-12). Determine m(s).
-5
Let b(h) = h**2 - h + 1. Let j(y) = -6*y**2 + 5*y - 7. Let w(n) = 5*b(n) + j(n). Suppose -6*o = -o - 10. Determine w(o).
-6
Let f(q) = 16*q**2 + 21*q + 16. Let h(u) = 3*u**2 + 4*u + 3. Let v(o) = 2*f(o) - 11*h(o). Determine v(-2).
-1
Let p(d) = 6*d + 2. Let m(r) = r. Let v be (-2)/3 - (-119)/21. Let z(o) = v*m(o) - p(o). Let q = -7 - -7. Give z(q).
-2
Let c be ((-4)/12)/(1/(-15)). Suppose 0 = 3*i - c - 1. Let j(h) be the second derivative of -h**5/20 + h**4/12 - h**2/2 - 7*h. Give j(i).
-5
Let i = 22 - 13. Let a(t) = -8*t + t**3 + 12*t - 3*t**2 - 7*t + 2 + i*t**2. Calculate a(-6).
20
Let d(t) = 2*t**2 + 5*t + 4. Suppose j + j = 240. Let k be 4/14 + j/21. Let v = -9 + k. What is d(v)?
7
Let v(i) be the third derivative of -i**4/24 - 17*i**3/6 + 7*i**2 - 11. What is v(-5)?
-12
Let t(k) = -k**3 + 6*k**2 + 9*k - 2. Let f = 57 - 40. Let r be (2 - f/(-3)) + 2/(-3). Calculate t(r).
12
Let u(t) = 3*t**2 + 4*t. Let f(w) = -7*w**2 - 7*w + 1. Let d(x) = 2*f(x) + 5*u(x). Give d(-4).
-6
Let v(t) = -t**2 + 8*t - 9. Let o be (-13 - -10)*28/(-6). Suppose 28*u - 26*u - o = 0. Calculate v(u).
-2
Suppose 0 = -4*v - 0*v + 12. Let b = -3 - v. Let k(g) be the third derivative of -g**4/8 - 5*g**3/6 + 8*g**2. Determine k(b).
13
Suppose 0 = -4*v + 20, 0 = -21*q + 22*q - v - 1. Let z(i) = i**2 - 5*i + 1. Let f(n) = -1. Let k(o) = 6*f(o) + z(o). Give k(q).
1
Suppose 16*r = 37*r + 378. Let x = -49 + 71. Let d = r + x. Let w(t) = t**3 - 2*t**2 - 5*t - 2. What is w(d)?
10
Let o(r) be the second derivative of -2/3*r**3 + 3*r**2 + 0 + 23*r + 1/12*r**4. Determine o(4).
6
Let h(a) = 4*a - 23. Let w = 22 + -15. Let o be h(w). Let p(l) = l**2 - 7*l + 6. What is p(o)?
-4
Let w(l) = -15*l + 10. Let i(j) = 32*j - 22. Let f(x) = -4*i(x) - 9*w(x). Calculate f(2).
12
Let j(f) be the third derivative of 1/12*f**4 + 0 - 1/6*f**3 + 27*f**2 + 0*f. What is j(-4)?
-9
Let a(u) be the third derivative of u**4/24 - u**3 + 2*u**2. Suppose q = 40 - 6. Suppose q*j - 27*j = 21. Calculate a(j).
-3
Suppose 5*s - 2*s = -5*v - 25, 2*v + 10 = -4*s. Let l be ((-6)/10)/(1/v). Let d(x) be the first derivative of -x**4/4 + 2*x**3/3 + x**2/2 + 43. What is d(l)?
-6
Let h(o) = -o - 4. Suppose -4*f + 2 - 10 = 0. Let l(x) = -1. Let z(v) = f*l(v) - h(v). Determine z(-7).
-1
Let o(c) = c. Suppose 2*v - 2*b = -0*v, 0 = -2*v - 2*b + 8. Let i be 8/(-4) - v - -11. What is o(i)?
7
Let g(q) be the third derivative of -1/60*q**5 + 0 + 1/8*q**4 + 1/6*q**3 - 12*q**2 + 0*q. Determine g(4).
-3
Let s(b) = 4*b + b - 22*b + 6*b + 2*b + 2. What is s(2)?
-16
Let t(n) = -n**3 - 9*n**2 + 9*n - 8. Let c be ((-20)/(-7))/(18/(-63)). What is t(c)?
2
Suppose 0 = 2*u + 2, 5*c = -2*u + 4*u + 32. Suppose v - d = 442, -5*v + 2*d = -10*v + 2182. Let p(t) = 5 + v*t**2 + t**3 - 5 + 6*t - 445*t**2. Calculate p(c).
0
Let x(u) = -2*u**2 - 4*u - 5. Let a(c) = 2*c - 18. Let s be a(7). What is x(s)?
-21
Let u(p) = -p**2 - 2*p + 3. Let j(i) = -i**3 - 15*i**2 - 16*i - 5. Let f be j(-14). Let o = f + -21. Calculate u(o).
-5
Let g(z) be the third derivative of z**6/120 + 7*z**5/60 - z**4/3 - 5*z**3/6 - 80*z**2. Calculate g(-8).
-5
Let v(h) = -7*h**3 + 2*h**2 + 6*h - 3. Let l(i) = 12*i**3 - 5*i**2 - 11*i + 6. Let z(r) = 3*l(r) + 5*v(r). Give z(4).
-25
Let n(l) = -1 + 0 + 3*l + 2. Let t(o) be the third derivative of o**4/24 + 6*o**2. Let z(j) = -4*n(j) + 11*t(j). Calculate z(-5).
1
Let x(t) be the third derivative of -t**5/15 + t**4/24 + 5*t**2. Let a(u) = -23 - 20 - u + 43 - u**2. Let h be a(1). What is x(h)?
-18
Let w(i) be the first derivative of -i**2 + 12*i + 19. Calculate w(6).
0
Suppose -4*b + 3*r = 17, -r = -0*r - 3. Let m be (24/(-28))/(b/(-14)). Let j(h) = -1. Let p(s) = s. Let d(o) = -3*j(o) + p(o). Give d(m).
-3
Let g(f) be the first derivative of f**4/12 - f**3 - 2*f**2 + 35*f + 2. Let o(x) be the first derivative of g(x). Determine o(7).
3
Let i(a) be the first derivative of -a**2 + 12*a + 221. Calculate i(5).
2
Let d(b) = -3*b - 4. Let i(y) = 13*y + 16. Let c(m) = 9*d(m) + 2*i(m). Calculate c(-5).
1
Let v(i) = -17*i - 3 + 2 + 14*i - 10*i + 2. Give v(-3).
40
Let x(k) be the third derivative of 0*k - 1/8*k**4 + 0 + 1/20*k**5 - 1/120*k**6 + 26*k**2 + 0*k**3. What is x(2)?
-2
Let m be 2/(-4)*4 - -1. Let h(s) be the first derivative of 3/2*s**4 - 2/3*s**3 + s + 0*s**2 - 7. Determine h(m).
-7
Let c(j) = -4*j**3 + 753*j**2 + 5*j**3 - 743*j**2. Let n(a) = a**2 - 10. Let p be n(0). What is c(p)?
0
Let g(h) be the second derivative of h**4/12 + 3*h**3/2 + 3*h**2/2 + 34*h. What is g(-9)?
3
Let w(n) = -n + 13. Let g(y) = 4*y - 109. Let p(m) = -g(m) - 6*w(m). Calculate p(-24).
-17
Let a(w) be the second derivative of w**7/2520 + w**6/180 - 7*w**4/12 + 17*w. Let f(h) be the third derivative of a(h). What is f(-3)?
-3
Let j(x) = -4*x**2 + 9*x - 35. Let k(u) = -u**2 + 2*u - 9. Let z(i) = -3*j(i) + 11*k(i). Let t(c) = -c**3 - 5*c**2 + 6. Let l be t(-5). Determine z(l).
12
Let y(f) = 8 - 55*f + 19*f + 29*f + f**2 + 1. Determine y(4).
-3
Let f(v) be the second derivative of v**5/20 + 2*v**4/3 + 7*v**3/6 - 5*v**2 - 119*v. Determine f(-7).
-10
Let x(k) = 20*k - 5*k**2 + 5 - 29*k + 11*k**2 - k**3 + 4*k. What is x(5)?
5
Let q(t) = t**2 + 2*t. Let c be q(-3). Let n(b) = -c*b - 1 + 4*b + 5 - 2*b. Let f be (0/2)/(10 - 9). What is n(f)?
4
Let r be 162/(-18) - (-32)/2. Let v(u) = u**3 - 6*u**2 - 6*u + 2. What is v(r)?
9
Let t = -26 + 29. Let n be (-1)/((-2)/12*t). Let b(c) = -c + 0 + 5*c + 0*c - n. Determine b(3).
10
Let q = -120 - -126. Let s(r) = r - 7. Give s(q).
-1
Let o(h) = -5*h + 8*h**2 - 4*h**3 + 6696 + 5*h**3 - 6688. What is o(-9)?
-28
Let t(n) = 19*n**2 + n + 24. Let b(o) = 5*o**2 + 6. Let d(f) = -15*b(f) + 4*t(f). What is d(-3)?
3
Let m(j) be the second derivative of -11*j**4/6 - j**3/3 + j**2/2 - 70*j - 1. Determine m(1).
-23
Let y(o) = -o**3 + 14*o**2 - o + 17. Suppose -v + 4*k + k + 39 = 0, 3*v - 5*k - 67 = 0. What is y(v)?
3
Let j be 2*3*(-4)/(-8). Let y(n) = j*n**3 - 2*n - 1 + 8*n**2 - 6 - 2*n**3 - 2*n**2. Give y(-6).
5
Let p = 5 + -3. Let z(r) = r**2 + 2*r + 0 + 2 + 0*r**p. Suppose -18*s + 28*s + 34 = 4. Calculate z(s).
5
Let r(o) = -o**3 + 2*o**2 + o - 1. Let z(f) = -2*f**3 + 3*f**2 + f - 1. Let q(a) = a + 4. Let g be q(0). Let c(w) = g*z(w) - 7*r(w). Determine c(-3).
21
Suppose 0 = 3*m - m - 2. Let x be 2/9 - 210/(-27). Let p(u) = -x*u + 0*u - 2*u - 1. Determine p(m).
-11
Let t(l) = l**3 - 9*l**2 - 8*l - 24. Let n = -651 - -661. Determine t(n).
-4
Let o(r) be the second derivative of r**3/6 - 11*r**2/2 - 8*r. Let f(p) = 3 + 8 - 5*p + 4*p. Let q(i) = 5*f(i) + 4*o(i). Determine q(6).
5
Let u be -1 - (-2 - -3 - -3). Let a(h) = h**2 + 5*h + 5. Let v be a(u). Suppose v*z = -4*f - 29, -z + 6*z - 1 = f. Let s(y) = y**2 + 5*y - 4. What is s(f)?
2
Let p(d) = -3*d - 1. Suppose 2*u + 7*u = 63. Let r(k)